10093 composite?
False
Is 24653879 a prime number?
True
Is 12673987 prime?
True
Is 7463711 a composite number?
True
Is 30325979 composite?
False
Is 10201307 a prime number?
False
Is 11817229 composite?
False
Is 784913 a prime number?
True
Is 10056251 a prime number?
True
Is 6707458 prime?
False
Is 29899031 a prime number?
True
Is 578261539 a composite number?
True
Is 2800477 prime?
False
Is 6357829 a prime number?
False
Is 113353 prime?
False
Is 698591 composite?
False
Is 86466109 prime?
True
Is 6883541 a prime number?
False
Is 18556903 composite?
True
Is 4027633 prime?
False
Is 25051847 prime?
True
Is 3059198 composite?
True
Is 10305107 a prime number?
True
Is 143740391 composite?
True
Is 22011797 a composite number?
False
Is 537611 a prime number?
True
Is 13325693 a composite number?
True
Is 6564157 a composite number?
True
Is 217600403 a prime number?
False
Is 3682961 composite?
False
Is 4421353 a prime number?
True
Is 958291 prime?
False
Is 19225078 composite?
True
Is 63844201 prime?
False
Is 160905755 composite?
True
Is 5730407 a composite number?
False
Is 12947023 a prime number?
False
Is 235584523 prime?
False
Is 7584001 a composite number?
True
Is 306667 a prime number?
False
Is 137658223 a prime number?
True
Is 61838683 composite?
True
Is 1267059 composite?
True
Is 2027021 prime?
True
Is 196546205 composite?
True
Is 3667463 composite?
True
Is 8522461 a prime number?
True
Is 142097 a prime number?
True
Is 3726937 a composite number?
True
Is 857174533 composite?
False
Is 1046447 prime?
True
Is 3924581 prime?
True
Is 1432237 a prime number?
False
Is 114552731 composite?
True
Is 1798739 a prime number?
True
Is 1907627 a composite number?
False
Is 1075939 prime?
False
Is 290701 composite?
False
Is 792413 composite?
False
Is 7684939 composite?
False
Is 3408134 a composite number?
True
Is 34502063 a prime number?
False
Is 397027 a prime number?
True
Is 121481681 a composite number?
False
Is 781406 prime?
False
Is 46626469 a prime number?
True
Is 1077121 a composite number?
True
Is 39543847 composite?
True
Is 278981 prime?
True
Is 15026111 a composite number?
False
Is 4791687 composite?
True
Is 138544853 prime?
False
Is 5931293 a prime number?
True
Is 156726707 prime?
False
Is 7079923 a prime number?
False
Is 1888246 composite?
True
Is 4231601 composite?
True
Is 41625317 a prime number?
True
Is 2013653 a prime number?
True
Is 71261881 prime?
False
Is 575203 composite?
False
Is 7383241 prime?
True
Is 6042689 a prime number?
False
Is 2196287 composite?
False
Is 425591 a composite number?
False
Is 9443569 prime?
False
Is 15818099 prime?
False
Is 387804539 prime?
True
Is 1023821 a prime number?
True
Is 25636321 composite?
True
Is 104621431 composite?
True
Is 189556529 prime?
True
Is 4819433 prime?
True
Is 7503049 a composite number?
False
Is 713221207 a prime number?
True
Is 1298719 composite?
False
Is 32986321 composite?
False
Is 30860881 composite?
False
Is 13391173 prime?
False
Is 32020951 a composite number?
False
Is 661603 a composite number?
False
Is 633530039 composite?
True
Is 5018099 composite?
True
Is 31877 a composite number?
True
Is 311147 a composite number?
True
Is 23662019 prime?
True
Is 511739 a composite number?
True
Is 23104891 prime?
False
Is 2359517 prime?
False
Is 62357147 composite?
False
Is 4096307 a prime number?
False
Is 542039 a prime number?
False
Is 52902841 composite?
False
Is 10419367 a composite number?
True
Is 1433891 composite?
False
Is 606930407 prime?
False
Is 1193603 prime?
True
Is 638713267 composite?
False
Is 78301459 a composite number?
False
Is 1345723 prime?
False
Is 192937991 composite?
False
Is 25868807 a composite number?
True
Is 5337659 a prime number?
True
Is 1560353 prime?
False
Is 420605 a prime number?
False
Is 115495691 prime?
True
Is 2553917 a composite number?
False
Is 89781787 composite?
False
Is 1124231 prime?
False
Is 972163711 prime?
True
Is 36349483 composite?
False
Is 941967077 a prime number?
False
Is 45403 a composite number?
False
Is 2491409 prime?
False
Is 1953841 a composite number?
True
Is 306473 prime?
True
Is 37901 a composite number?
True
Is 92373643 composite?
True
Is 7338049 a composite number?
True
Is 3007261 prime?
True
Is 306063313 composite?
False
Is 14167207 composite?
False
Is 229029 a prime number?
False
Is 121193617 a composite number?
False
Is 86076715 prime?
False
Is 105767861 prime?
True
Is 112822921 prime?
True
Is 32968759 composite?
False
Is 5884495 a prime number?
False
Is 299256091 composite?
True
Is 57072559 composite?
False
Is 215563 composite?
False
Is 52257319 a prime number?
True
Is 275504167 composite?
False
Is 204562819 a prime number?
False
Is 40741927 a composite number?
False
Is 2806157 a prime number?
True
Is 365860069 composite?
True
Is 14293171 a composite number?
False
Is 10010687 a composite number?
False
Is 3732613 a composite number?
True
Is 54119347 prime?
False
Is 7073809 prime?
False
Is 829489053 prime?
False
Is 710713 a composite number?
False
Is 127031 a prime number?
True
Is 55151341 a composite number?
True
Is 165398449 composite?
False
Is 5705729 prime?
False
Is 394691993 prime?
False
Is 299134411 a composite number?
False
Is 1261537 a composite number?
True
Is 1293209 a prime number?
False
Is 167120309 a composite number?
False
Is 22410107 prime?
False
Is 9652367 a composite number?
False
Is 239168729 a composite number?
True
Is 31453769 composite?
True
Is 194426777 a composite number?
False
Is 59642155 a composite number?
True
Is 6820991 a prime number?
True
Is 1275653 prime?
False
Is 6944983 a composite number?
True
Is 4135702 a composite number?
True
Is 1573773 a prime number?
False
Is 57185587 a prime number?
True
Is 2244611 composite?
False
Is 6264847 a prime number?
False
Is 63006589 prime?
False
Is 238781 composite?
False
Is 8912291 a prime number?
False
Is 17119681 a composite number?
False
Is 2426573 composite?
False
Is 1337489 prime?
True
Is 87736463 a prime number?
True
Is 28646551 a prime number?
False
Is 2533627 a composite number?
False
Is 8335837 prime?
True
Is 717537 a composite number?
True
Is 259288181 a composite number?
False
Is 75672931 prime?
True
Is 2939869 prime?
True
Is 1205707 a composite number?
False
Is 118403 prime?
False
Is 16040411 prime?
True
Is 566965145 composite?
True
Is 390790249 a prime number?
True
Is 33766142 a composite number?
True
Is 1476641 composite?
False
Is 18460753 a prime number?
True
Is 12686939 a composite number?
False
Is 258865319 a composite number?
False
Is 151679209 a composite number?
True
Is 146377859 a composite number?
True
Is 2187769 a prime number?
True
Is 366582737 a prime number?
True
Is 96979111 prime?
False
Is 833883 composite?
True
Is 19448479 a prime number?
False
Is 4780891 composite?
False
Is 5722859 a prime number?
True
Is 20707801 a prime number?
True
Is 2723003 a composite number?
False
Is 81415543 prime?
False
Is 25353301 a composite number?
True
Is 49545193 composite?
False
Is 700199 a prime number?
True
Is 14712031 composite?
False
Is 3510259 a prime number?
False
Is 285348155 a prime number?
False
Is 1395617 prime?
False
Is 5491939 composite?
False
Is 109794163 a composite number?
False
Is 2379129 composite?
True
Is 756247 a composite number?
False
Is 82614053 a composite number?
False
Is 151541031 composite?
True
Is 42522023 composite?
False
Is 54239321 prime?
True
Is 40324747 prime?
True
Is 46445051 a prime number?
False
Is 5052317 a prime number?
True
Is 27440866 a prime number?
False
Is 1126159 a prime number?
True
Is 2371073 prime?
True
Is 15762821 a prime number?
True
Is 4197677 composite?
True
Is 26008181 a prime number?
False
Is 5370557 a prime number?
True
Is 117086329 composite?
False
Is 146639 a composite number?
False
Is 364348759 a prime number?
True
Is 8982289 a composite number?
True
Is 2578777 a prime number?
False
Is 174055313 prime?
False
Is 2606833 a composite number?
False
Is 1458552785 composite?
True
Is 62416897 composite?
False
Is 4569371 composite?
True
Is 64507081 a composite number?
False
Is 16576867 composite?
True
Is 474739 composite?
True
Is 8414743 a composite number?
False
Is 805399 a composite number?
True
Is 89243537 a prime number?
True
Is 28728083 a prime number?
True
Is 7860029 prime?
True
Is 3162661 prime?
False
Is 588569 